{"id":91,"date":"2017-01-19T21:29:15","date_gmt":"2017-01-19T20:29:15","guid":{"rendered":"http:\/\/pelletier-avocat.fr\/?page_id=91"},"modified":"2017-06-12T14:34:02","modified_gmt":"2017-06-12T12:34:02","slug":"mentions-legales-credits","status":"publish","type":"page","link":"https:\/\/pelletier-avocat.fr\/?page_id=91","title":{"rendered":"Mentions l\u00e9gales &#8211; Cr\u00e9dits"},"content":{"rendered":"<h3>Informations sur l\u2019\u00e9diteur du site<\/h3>\n<p>Charles-Edouard PELLETIER<br \/>\nAvocat au Barreau de Strasbourg<br \/>\n68 avenue des vosges<br \/>\n67000 STRASBOURG<\/p>\n<p>Siret 52323193400044<\/p>\n<p>T\u00e9l: 03 88 24 00 04<br \/>\nEmail: charles-edouard@pelletier-avocat.fr<\/p>\n<p>Directeur de la publication<br \/>\nCharles-Edouard PELLETIER<\/p>\n<p>&nbsp;<\/p>\n<p>&nbsp;<\/p>\n<h3>Informations sur l\u2019h\u00e9bergeur du site<\/h3>\n<p>OVH SAS<br \/>\n2, Rue Kellermann<br \/>\nBP 80157<br \/>\n59100 ROUBAIX<br \/>\nSite : http:\/\/www.ovh.com<br \/>\nE-mail : support@ovh.com<\/p>\n<p>&nbsp;<\/p>\n<p>Ce site\u00a0est susceptible de recueillir certaines informations nominatives vous concernant. Aucune des ces informations ne sera transmise \u00e0 des tiers. L\u2019utilisateur dispose d\u2019un droit d\u2019acc\u00e8s, de modification, de rectification et de suppression des donn\u00e9es qui le concernent (article 34 de la loi \u201cInformatique et Libert\u00e9s\u201d).<\/p>\n<p>Ce Site peut contenir des liens hypertextes donnant acc\u00e8s \u00e0 d\u2019autres sites web \u00e9dit\u00e9s et g\u00e9r\u00e9s par des tiers et non par Le Cabinet\u00a0<strong>Charles-Edouard PELLETIER<\/strong>. Le Cabinet <strong>Charles-Edouard PELLETIER<\/strong>\u00a0ne pourra \u00eatre tenu responsable directement ou indirectement dans le cas o\u00f9 lesdits sites tiers ne respecteraient pas les dispositions l\u00e9gales et r\u00e9glementaires tant fran\u00e7aises qu\u2019europ\u00e9ennes en vigueur ou \u00e0 venir, ainsi que des cons\u00e9quences de ce non-respect.<\/p>\n<p>&nbsp;<\/p>\n<p>&nbsp;<\/p>\n<h3>Cr\u00e9dits<\/h3>\n<p>Design : Romain HANNIER<br \/>\nPhotos : <a href=\"http:\/\/www.manonbadermann.fr\" target=\"_blank\" rel=\"noopener noreferrer\">Manon\u00a0BADERMANN<\/a><br \/>\nIcons made by <a title=\"Freepik\" href=\"http:\/\/www.freepik.com\" target=\"_blank\" rel=\"noopener noreferrer\">Freepik<\/a> from <a title=\"Flaticon\" href=\"http:\/\/www.flaticon.com\" target=\"_blank\" rel=\"noopener noreferrer\">www.flaticon.com<\/a> is licensed by <a title=\"Creative Commons BY 3.0\" href=\"http:\/\/creativecommons.org\/licenses\/by\/3.0\/\" target=\"_blank\" rel=\"noopener noreferrer\">CC 3.0 BY<\/a><\/p>\n","protected":false},"excerpt":{"rendered":"<p>Informations sur l\u2019\u00e9diteur du site Charles-Edouard PELLETIER Avocat au Barreau de Strasbourg 68 avenue des vosges 67000 STRASBOURG Siret 52323193400044 T\u00e9l: 03 88 24 00 04 Email: charles-edouard@pelletier-avocat.fr Directeur de la publication Charles-Edouard PELLETIER &nbsp; &nbsp; Informations sur l\u2019h\u00e9bergeur du site OVH SAS 2, Rue Kellermann BP 80157 59100 ROUBAIX Site : http:\/\/www.ovh.com E-mail :<a href=\"https:\/\/pelletier-avocat.fr\/?page_id=91\">[&#8230;]<\/a><\/p>\n","protected":false},"author":1,"featured_media":0,"parent":0,"menu_order":0,"comment_status":"closed","ping_status":"closed","template":"","meta":{"footnotes":""},"class_list":["post-91","page","type-page","status-publish","hentry"],"aioseo_notices":[],"_links":{"self":[{"href":"https:\/\/pelletier-avocat.fr\/index.php?rest_route=\/wp\/v2\/pages\/91"}],"collection":[{"href":"https:\/\/pelletier-avocat.fr\/index.php?rest_route=\/wp\/v2\/pages"}],"about":[{"href":"https:\/\/pelletier-avocat.fr\/index.php?rest_route=\/wp\/v2\/types\/page"}],"author":[{"embeddable":true,"href":"https:\/\/pelletier-avocat.fr\/index.php?rest_route=\/wp\/v2\/users\/1"}],"replies":[{"embeddable":true,"href":"https:\/\/pelletier-avocat.fr\/index.php?rest_route=%2Fwp%2Fv2%2Fcomments&post=91"}],"version-history":[{"count":18,"href":"https:\/\/pelletier-avocat.fr\/index.php?rest_route=\/wp\/v2\/pages\/91\/revisions"}],"predecessor-version":[{"id":236,"href":"https:\/\/pelletier-avocat.fr\/index.php?rest_route=\/wp\/v2\/pages\/91\/revisions\/236"}],"wp:attachment":[{"href":"https:\/\/pelletier-avocat.fr\/index.php?rest_route=%2Fwp%2Fv2%2Fmedia&parent=91"}],"curies":[{"name":"wp","href":"https:\/\/api.w.org\/{rel}","templated":true}]}}

Mentions légales &#8211; Crédits

<h3>Informations sur l’éditeur du site</h3>
<p>Charles-Edouard PELLETIER<br />
Avocat au Barreau de Strasbourg<br />
68 avenue des vosges<br />
67000 STRASBOURG</p>
<p>Siret 52323193400044</p>
<p>Tél: 03 88 24 00 04<br />
Email: charles-edouard@pelletier-avocat.fr</p>
<p>Directeur de la publication<br />
Charles-Edouard PELLETIER</p>
<p>&nbsp;</p>
<p>&nbsp;</p>
<h3>Informations sur l’hébergeur du site</h3>
<p>OVH SAS<br />
2, Rue Kellermann<br />
BP 80157<br />
59100 ROUBAIX<br />
Site : http://www.ovh.com<br />
E-mail : support@ovh.com</p>
<p>&nbsp;</p>
<p>Ce site est susceptible de recueillir certaines informations nominatives vous concernant. Aucune des ces informations ne sera transmise à des tiers. L’utilisateur dispose d’un droit d’accès, de modification, de rectification et de suppression des données qui le concernent (article 34 de la loi “Informatique et Libertés”).</p>
<p>Ce Site peut contenir des liens hypertextes donnant accès à d’autres sites web édités et gérés par des tiers et non par Le Cabinet <strong>Charles-Edouard PELLETIER</strong>. Le Cabinet <strong>Charles-Edouard PELLETIER</strong> ne pourra être tenu responsable directement ou indirectement dans le cas où lesdits sites tiers ne respecteraient pas les dispositions légales et réglementaires tant françaises qu’européennes en vigueur ou à venir, ainsi que des conséquences de ce non-respect.</p>
<p>&nbsp;</p>
<p>&nbsp;</p>
<h3>Crédits</h3>
<p>Design : Romain HANNIER<br />
Photos : <a href="http://www.manonbadermann.fr" target="_blank" rel="noopener noreferrer">Manon BADERMANN</a><br />
Icons made by <a title="Freepik" href="http://www.freepik.com" target="_blank" rel="noopener noreferrer">Freepik</a> from <a title="Flaticon" href="http://www.flaticon.com" target="_blank" rel="noopener noreferrer">www.flaticon.com</a> is licensed by <a title="Creative Commons BY 3.0" href="http://creativecommons.org/licenses/by/3.0/" target="_blank" rel="noopener noreferrer">CC 3.0 BY</a></p>

<p>Informations sur l’éditeur du site Charles-Edouard PELLETIER Avocat au Barreau de Strasbourg 68 avenue des vosges 67000 STRASBOURG Siret 52323193400044 Tél: 03 88 24 00 04 Email: charles-edouard@pelletier-avocat.fr Directeur de la publication Charles-Edouard PELLETIER &nbsp; &nbsp; Informations sur l’hébergeur du site OVH SAS 2, Rue Kellermann BP 80157 59100 ROUBAIX Site : http://www.ovh.com E-mail :<a href="https://pelletier-avocat.fr/?page_id=91">[&#8230;]</a></p>
